 i = 5*u - 2074, 0 = u + f - 444. What is the tens digit of u?
4
Suppose 114*v - 2569962 = -56*v + 47*v. What is the hundreds digit of v?
8
Let h = -18 + 13. Let a(y) = 7 + 6*y - 12*y - 3*y**2 - 4*y**3 + 0*y**3 + 2*y**3. What is the hundreds digit of a(h)?
2
Let v be ((-340)/8 + -4)*(-62)/(-3). Let h = 1480 + v. What is the units digit of h?
9
Let i(f) = 175*f**2 - 4*f + 1. Let r(g) = g**3 + 8*g**2 + 12*g + 7. Let c be r(-6). Let s be c/5 - 42/105. What is the tens digit of i(s)?
7
Let m be -1*(4/(-22) + 2/11). Suppose 4*t + 528 = -m*t. Let v = 363 + t. What is the hundreds digit of v?
2
Let g(w) = -8 - 5*w**2 + 224*w + 4*w**2 - 240*w + 6*w**2. What is the hundreds digit of g(9)?
2
Let w = -19 - 82. Let i = w + 525. What is the tens digit of i?
2
Suppose -50*k + 58*k = 347544. What is the tens digit of k?
4
Let y(w) = 7*w**2 + 12*w + 30. Let o = -817 + 809. What is the tens digit of y(o)?
8
Suppose 5*z + 25 = 0, y + 5 = -2*z - 0. Suppose y*x - 348 - 641 = f, -4*f = -4. Suppose r - x = -62. What is the tens digit of r?
3
Let m(q) = -198*q**3 + 5*q**2 + 15*q + 35. What is the tens digit of m(-3)?
8
Let q be (-10 - 402/(-42)) + 4/(-7). What is the tens digit of (q/2 - 18/4) + 489?
8
Suppose -5*h - 3 - 7 = 0. Let f(z) = 49*z - 3. Let x be f(h). Let i = 17 - x. What is the units digit of i?
8
What is the units digit of 26797/422*(-3)/((-6)/136)?
8
Suppose 0 = -10*t + 7*t + 102. What is the tens digit of t?
3
Let s = 10 - 24. Let i = -11 - s. What is the tens digit of (560/60)/((-4)/(-234)*i)?
8
Let n(c) = c**2 - 27*c + 100. Let i be n(-25). Suppose -4*k = -3*f + i, -5*f + 8*k = 3*k - 2335. What is the units digit of f?
8
Let b(p) be the third derivative of p**6/120 - 13*p**5/30 + 3*p**4/8 - 20*p**3/3 - 59*p**2. What is the units digit of b(26)?
4
Suppose 2*x = -3*v + 22, -2*x + 2*v = -2*v + 6. Suppose 3*z + 3*u - 325 = z, -15 = -x*u. Suppose 67 = -f + z. What is the tens digit of f?
9
Let w(g) = -274*g + 1475. What is the units digit of w(-31)?
9
Let o(x) = 2*x - 7. Let q be o(5). Suppose q*l - 18 = 6*l. Let k(t) = t**3 + 8*t**2 + 13*t + 26. What is the units digit of k(l)?
0
Let f = -332 - -335. Suppose f*r + 5*x - 1761 = 8*x, 4*r + x = 2373. What is the hundreds digit of r?
5
What is the thousands digit of (-9678)/((-14)/6 + 40/120)?
4
Suppose -60*t + 95*t + 195020 = 45*t. What is the tens digit of t?
0
Let f = 27 - 19. Suppose 2087 = 4*z - f*l + 3*l, -521 = -z + l. What is the tens digit of z?
1
Let u(s) = -s**2 - 8*s - 5. Let z be u(-6). Suppose 10*b = z*b + 123. What is the units digit of b - (-2 - 3/3)?
4
Let a = -6635 + 3155. What is the tens digit of a/(-6) - -7 - -4?
9
Suppose 0 = -27*u + 24*u + 21. Let g(a) be the first derivative of a**4/4 - a**3 - 2*a**2 + 10*a + 30. What is the tens digit of g(u)?
7
Suppose 2*u - 9*u - 7 = 0. What is the units digit of 19670/35*(-1 + (1 - u))?
2
Let d(w) = -w**2 - 22*w + 8. Let k be d(-22). Suppose -3*a = t - k, -t + 5*t + 2*a = 12. Suppose -r = -5, t*s + 183 = 4*s + r. What is the units digit of s?
9
Suppose -s = -3*b + 12, 0 = -48*b + 44*b - s + 16. Suppose 5*j + 5 = -0, 0 = -b*d + 4*j + 4440. What is the hundreds digit of d?
1
Suppose 4*g + 215778 = 3*c, 4*c - 359622 = -c + 4*g. What is the units digit of c?
2
Suppose -10362 - 22692 = -14*k. What is the tens digit of (-6)/(-10) + k/15?
5
Let a = -87 - -102. Suppose 5*l - 1485 = -3*i, -l + 986 = 2*i + l. Suppose 5*p = -a + i. What is the units digit of p?
5
Suppose 55626 = 2*i - 0*o - 4*o, 30 = 6*o. What is the hundreds digit of i?
8
Let n(s) = -37*s**3 - 6*s**2 - 190*s - 19. What is the ten thousands digit of n(-8)?
2
Let u = 89427 - 47267. What is the tens digit of -2 - (u/(-75) + (-4)/(-30))?
6
Let z(x) be the first derivative of -19*x**3/3 - 3*x**2/2 + x - 7. Let v be z(-2). Let i = v + 100. What is the tens digit of i?
3
What is the units digit of -1 - (3/1 + (-7 + 12 - 12063))?
4
Let g(u) = -11*u**3 - 11*u**2 + 21*u + 78. What is the thousands digit of g(-9)?
7
Let z(r) be the second derivative of -r**5/20 + 5*r**4/4 + 11*r**3/6 + 11*r**2 + 10*r. Let q be z(16). What is the tens digit of -3 + 0 + 2 - (q - 2)?
5
Let f = 14 - 11. Let z(k) = -k**3 + 3*k**2 + 3. Let q be z(f). What is the units digit of q*82/3 + 3?
5
What is the units digit of 1/(9/(-45036)*(-2)/2)?
4
Suppose -1462*k + 1449*k = -177125. What is the tens digit of k?
2
Let o(i) = -6*i - 168. What is the tens digit of o(-50)?
3
Let f be (-2 - (-28)/3)/(10/(-60)). What is the hundreds digit of 66/f*(-892)/6?
2
Let c be ((-2)/(-4))/((-2)/8). Let d be 166/(-3*c/(-6)). Let q = 265 + d. What is the units digit of q?
9
Suppose -68 = -17*h - 0. Suppose 0 = -h*s - l + 3030, -s = 3*l + 100 - 852. What is the units digit of s?
8
Let o be (4/(-12)*3)/(2/2). Let a(p) be the second derivative of -32*p**3 + 7*p**2/2 + p. What is the tens digit of a(o)?
9
Let n = 25848 + -5542. What is the ten thousands digit of n?
2
Suppose 0 = 2*a - a + 5*x - 12, 3*a = x + 4. Suppose a*m + 24 = 614. What is the tens digit of m?
9
Let o = -229 - -233. Suppose -2*p - 2*c = -302, -o*p + 17*c = 19*c - 608. What is the tens digit of p?
5
Let l = 2731 - 1589. Let d = l + -590. What is the tens digit of d?
5
Let u be 28/(-98) - (-1 + (-4209)/7). Suppose s = 4*p + 203, -3*p - u = -3*s + 2*p. What is the hundreds digit of s?
1
What is the thousands digit of 2/((-2)/(-26036 - 0))?
6
Let m = -16 + 120. Suppose 188 = 2*o - m. Let n = o + 6. What is the tens digit of n?
5
Let d(f) = 135*f**2 + 6*f + 8. Let g(w) = 134*w**2 + 4*w + 7. Let s(y) = -4*d(y) + 5*g(y). What is the tens digit of s(1)?
2
Let r(d) = d**2 - d + 1. Let k(c) = -c**3 + 3*c**2 + 6*c + 25. Let v(f) = -k(f) - r(f). What is the tens digit of v(7)?
8
Let m(t) = t**3 - 71*t**2 - 2*t - 171. What is the tens digit of m(73)?
4
Suppose -2*n + 182 = -o, -439 = -4*o - n - 1158. Let h(k) = -24*k**2 - 2*k. Let x be h(2). Let c = x - o. What is the units digit of c?
0
Let i be (-252)/(-30) + (-8)/20. Suppose -16*v + 32 = -i*v. Suppose v*d - 83 - 589 = -2*w, -3*w = -3*d + 495. What is the tens digit of d?
6
Let z = -8892 - -19751. What is the ten thousands digit of z?
1
Suppose 0 = -5*k + j - 18 + 75, -2 = j. Let c(i) = -k*i - 2*i + 11*i + 2 + 5*i**2. What is the units digit of c(5)?
7
Suppose 8*y - 3*y = -c - 164, 4*c = 5*y - 681. Suppose -5*q - s + 1396 = -0*q, 5*s + 832 = 3*q. Let l = q + c. What is the tens digit of l?
1
Suppose 192 - 934 = 14*l. Let a = l - -190. What is the units digit of a?
7
Let l(f) = f**3 - 14*f**2 - 72*f + 5. Let m be l(18). Suppose -18*v + 16*v - 1582 = -2*g, m*g + v - 3943 = 0. What is the units digit of g?
9
Let m be 313/(-3)*(-1 + -2). Let n = 181 - m. What is the tens digit of (80/(-6))/((n/90)/11)?
0
Let c = 15226 + -8722. Suppose 28*r + c = 34*r. What is the units digit of r?
4
Let g be (-8)/(-10) - 11832/(-85). Suppose -4*v + 0 = z - 70, -2*z = -5*v - g. What is the units digit of z?
0
Let z(p) = -5 + 6 + 7*p + p**2 + 8. Let v be z(-6). Suppose -56 = -5*o - v*k, 2*o - 2*k - 4 = 12. What is the units digit of o?
0
Suppose -z + 10338 = 4*k - 2*z, -5*k + 12918 = z. Suppose -17*d + k = -10778. What is the tens digit of d?
8
Suppose -18*s = -26*s + 24. Suppose s*b - 143 = -2*f + 615, 3*f - 3*b = 1167. What is the units digit of f?
5
Let d(i) = 2*i**2 - 15*i - 9. Let o be d(8). Let p(h) = -19*h + 2. Let z be p(o). What is the units digit of ((-4)/28)/(-1) + 1866/z?
9
Suppose -2 = 2*m, 56 + 13 = 5*v + m. Suppose -v*a + 2782 = -494. What is the tens digit of a?
3
Suppose 2*h - 4172 = -2*x, -4*h = 5*x - 6820 - 3609. Suppose -5*w + 2*k + 2094 = -1400, 0 = 3*w - 5*k - x. What is the units digit of w?
0
Suppose 5*m + 7*t - 17156 = 5*t, -t + 17158 = 5*m. Suppose -m = y - 12*y. What is the tens digit of y?
1
Let v(t) = 5364*t**2 + 8*t + 8. What is the tens digit of v(-2)?
4
What is the thousands digit of (-342197)/(-15) + (-4)/30?
2
Let k(m) be the first derivative of -m**4/4 + 5*m**3 - 6*m**2 - 8*m + 52. What is the units digit of k(13)?
4
Suppose -2*d = -3*q + 19023, q - 5*d - 4275 = 2066. What is the thousands digit of q?
6
Let b(c) = 574*c + 29. Let z(f) = 4*f + 1. Let o(h) = b(h) - 5*z(h). What is the hundreds digit of o(3)?
6
Suppose d + 5*c + 5 = 0, 4*d - 2*c - 2 = -0*d. Let n(v) = -v**3 - 99. Let j be n(d). Let r = j - -159. What is the te